 base 2.
1100101111001101011001
What is 38547d (base 14) in base 6?
105252131
-179ab55 (base 13) to base 7
-122335554
Convert 22055501 (base 6) to base 8.
2412675
What is 1101100000011100001 (base 2) in base 15?
8b213
1136470 (base 8) to base 5
34414314
What is 16cb4c (base 14) in base 7?
6554325
What is -2340022 (base 6) in base 9?
-205115
What is 3788518 (base 10) in base 15?
4ec7cd
-4021444 (base 6) to base 4
-232102210
-14520220 (base 6) to base 5
-112224431
Convert -7a127c (base 14) to base 8.
-17655556
What is 5272a (base 11) in base 13?
28c17
Convert -725427 (base 8) to base 9.
-405688
Convert -1a4412 (base 11) to base 4.
-1030133002
Convert -165716 (base 8) to base 16.
-ebce
Convert -b151b1 (base 12) to base 15.
-399bda
Convert -32010321 (base 4) to base 2.
-1110000100111001
Convert 32d9dd (base 14) to base 9.
3223247
Convert 1020222120100 (base 3) to base 6.
22200443
What is a990b (base 12) in base 5?
24133334
Convert -3023460 (base 11) to base 6.
-310345340
What is 10128246 (base 9) in base 5?
2221024201
Convert 13005225 (base 6) to base 3.
210101121022
What is 6485669 (base 12) in base 8?
110636561
Convert 302b1 (base 15) to base 12.
742b7
Convert 40846a (base 12) to base 6.
33351014
Convert 120240110 (base 5) to base 2.
10000111101010000111
Convert -102163150 (base 7) to base 3.
-102100110221011
Convert -1617736 (base 9) to base 12.
-373813
Convert -6b78 (base 12) to base 8.
-27414
Convert 103354044 (base 6) to base 16.
1c3bac
What is -698aa (base 11) in base 16?
-18a31
-144230140 (base 6) to base 13
-812cc1
3241133133 (base 5) to base 16
6a6ad8
Convert 3435531 (base 6) to base 14.
48327
24245301 (base 6) to base 16
bb9a5
What is 10202211220 (base 3) in base 10?
74247
What is -2003102011 (base 4) in base 9?
-1008561
10a8250 (base 15) to base 9
24384173
14b08 (base 15) to base 4
100100300
Convert 812aa8 (base 11) to base 15.
1ac40e
What is 9da2 (base 16) in base 7?
225436
60135 (base 11) to base 7
514401
What is 10dc29 (base 14) in base 10?
575885
What is 110002022210 (base 3) in base 10?
237891
What is 57515746 (base 8) in base 16?
be9be6
2002212201121 (base 3) to base 13
30276a
What is -13201332002 (base 4) in base 11?
-1129229
1013446 (base 7) to base 10
121309
What is -40338 (base 10) in base 5?
-2242323
What is 364305 (base 8) in base 10?
125125
8d7814 (base 14) to base 13
ccb232
What is 1101202220 (base 4) in base 11?
208a2a
-300221 (base 9) to base 13
-62938
105442 (base 10) to base 15
21397
Convert -200021011120000 (base 3) to base 13.
-201b415
What is -4131654 (base 9) in base 15?
-2d885a
What is -14501302 (base 6) in base 16?
-7b7a6
-56940b (base 12) to base 4
-11102010023
What is 2200121113 (base 5) in base 3?
22211101021000
What is -1110100000100000011 (base 2) in base 8?
-1640403
What is 11533 (base 6) in base 12?
ba9
Convert -110701 (base 8) to base 7.
-213533
Convert -201130001 (base 4) to base 7.
-1110206
-7106741 (base 8) to base 9
-3461874
What is 12301132222 (base 4) in base 16?
1b17aa
What is 201221012200020 (base 3) in base 12?
366a673
What is -12012320323 (base 4) in base 14?
-2d96b1
-88815 (base 11) to base 12
-62620
Convert 85118 (base 9) to base 15.
119db
-55890 (base 15) to base 6
-5454543
-781c7 (base 15) to base 11
-24092a
Convert -83ae7b (base 16) to base 12.
-2a8218b
What is 52502344 (base 7) in base 11?
25612a7
What is 3d6c2 (base 16) in base 15?
4e826
-5473251 (base 10) to base 14
-a268a7
What is -7136361 (base 8) in base 7?
-22002616
Convert 100211012 (base 4) to base 10.
67910
22202131 (base 6) to base 13
1a57b9
-25b8a5 (base 14) to base 5
-313042000
What is 20141434 (base 5) in base 6?
3250315
What is -1211010133 (base 4) in base 7?
-3342643
What is -1c9c4 (base 15) in base 3?
-11202000211
What is -70776451 (base 8) in base 4?
-320333310221
52102254 (base 6) to base 4
11232201322
What is -1001111011110010000 (base 2) in base 8?
-1173620
fc8ac3 (base 16) to base 4
333020223003
-202001201220 (base 3) to base 2
-1100000011010101110
What is -1100010110010111101 (base 2) in base 15?
-7ed7e
-1531636 (base 10) to base 9
-2784007
What is 308474 (base 10) in base 3?
120200010222
Convert -332b3 (base 13) to base 7.
-534301
Convert -210224 (base 14) to base 9.
-2077710
-643031 (base 7) to base 13
-3b999
What is 3214661 (base 7) in base 8?
1373017
-2211635 (base 7) to base 5
-32200401
Convert 1001001101000000101001 (base 2) to base 6.
123413213
What is 102122111222000 (base 3) in base 13?
1389a02
100150652 (base 7) to base 16
586898
What is 10716 (base 11) in base 14?
5917
3323132222 (base 4) to base 5
230430213
What is 13678054 (base 9) in base 8?
31700642
Convert -30321100101 (base 4) to base 3.
-20100201211010
What is -1136764 (base 8) in base 7?
-2433020
-32223312 (base 4) to base 3
-10001111210
What is 1d14c5 (base 15) in base 9?
2606505
-1010100011000111 (base 2) to base 11
-2a50a
-3b366b (base 12) to base 2
-11101111011011110011
What is 1351a1 (base 12) in base 3?
121020212211
1082 (base 15) to base 16
da9
What is -231202200 (base 4) in base 9?
-313773
Convert a68b50 (base 13) to base 15.
521a31
What is -17106440 (base 8) in base 6?
-221015412
What is 366604 (base 8) in base 7?
1034224
What is -100000121012010 (base 3) in base 15?
-64aa16
Convert 15354452 (base 6) to base 9.
1018275
-1c42ac (base 14) to base 8
-3665240
-30722 (base 8) to base 16
-31d2
Convert -a91d4 (base 16) to base 5.
-134131232
Convert -126406 (base 10) to base 6.
-2413114
-7235641 (base 8) to base 15
-27c9a9
-2423236 (base 7) to base 6
-10340054
Convert -22012110220021 (base 3) to base 9.
-8173807
-311752 (base 8) to base 12
-4ba0a
What is 252156 (base 7) in base 14?
12c9d
2438997 (base 11) to base 16
40be94
Convert 106b36 (base 13) to base 3.
201122000100
6423137 (base 9) to base 10
3440266
Convert 285d8 (base 14) to base 11.
69108
What is -13b57 (base 16) in base 4?
-103231113
Convert -20102221212000 (base 3) to base 13.
-92b650
What is -4333326 (base 9) in base 14?
-44746c
Convert 12060e7 (base 15) to base 4.
301110230302
-12342200 (base 6) to base 12
-174960
Convert 100203333023 (base 4) to base 15.
5ab672
What is 17605304 (base 9) in base 13?
1ab3450
Convert -2233620 (base 7) to base 13.
-99396
1562511 (base 7) to base 15
44489
2aa87 (base 15) to base 12
67601
Convert -29b58 (base 13) to base 5.
-10010302
385b8 (base 14) to base 13
4ac79
What is 48d8d (base 14) in base 15?
37c5e
Convert -201012201122201 (base 3) to base 5.
-10103210443
Convert 100110110001111110010 (base 2) to base 5.
311131040
7160013 (base 9) to base 8
16442022
Convert -f29f23 (base 16) to base 4.
-330221330203
What is 1003314 (base 6) in base 11?
326a1
Convert -100110000000110001 (base 2) to base 5.
-14440242
Convert 566797 (base 10) to base 5.
121114142
-145885 (base 10) to base 12
-70511
15664420 (base 8) to base 15
4bae6b
Convert -6bf57e (base 16) to base 8.
-32772576
Convert -513113 (base 7) to base 15.
-1adee
Convert -8b0c31 (base 13) to base 15.
-44dc08
Convert 100311000001 (base 4) to base 12.
1588a81
What is 122222112011 (base 3) in base 6?
11330351
Convert -147088 (base 10) to base 6.
-3052544
What is -10010204 (base 5) in base 16?
-133d4
Convert 17317 (base 15) to base 11.
51344
What is -1000341 (base 5) in base 13?
-7204
What is -554780 (base 13) in base 6?
-111022305
Convert 25379 (base 15) to base 5.
12301124
Convert 330dab (base 14) to base 16.
1a6b5b
What is 812342 (base 10) in base 6?
25224502
Convert 309c2 (base 13) to base 6.
1512242
What is -235333 (base 8) in base 6?
-1421055
What is 102814 (base 10) in base 4?
121012132
What is -a6a07 (base 12) in base 3?
-102010122121
Convert -1202311111 (base 4) to base 10.
-404821
-1240141200 (base 5) to base 14
-5966c3
What is 2012021201100 (base 3) in base 5?
244320142
What is e4687 (base 15) in base 11?
454824
What is 2311200123 (base 4) in base 8?
2654033
Convert -433545 (base 7) to base 4.
-102133122
Convert -837e73 (base 15) to base 9.
-12681480
-10100111010001101111 (base 2) to base 10
-685167
Convert 6281a (base 14) to base 9.
401803
1011111011001001011101 (base 2) to base 3
12212210212100
16242115 (base 7) to base 2
110000000001000011010
Convert -12653554 (base 7) to base 9.
-2177044
281394 (base 10) to base 5
33001034
4232242 (base 9) to base 4
20221001303
-10000001010000001100 (base 2)